 = 13*s**2 + 1 + s**2 + 4*s**2. What is the tens digit of l(1)?
1
Let q = 17 + -9. Suppose 4*g - 16 - q = 0. What is the units digit of g?
6
Suppose 5*c + 27 = i - 83, 88 = -4*c - i. Let n = 6 - c. Suppose 3*m = -m + n. What is the units digit of m?
7
Suppose 1006 = 4*z + 2*d, 3*z - 2*z = 5*d + 246. What is the tens digit of z?
5
Let p(c) = c + 13. Let v be p(-10). Suppose -r + v = -5*k, 4*k + 50 = 5*r + 14. What is the units digit of r?
8
What is the units digit of 3 + 5/10*2?
4
Let f be 2/6 + (-14)/6. Let s be (-1 - f)/(4/4). What is the units digit of (-4)/(2*s/(-3))?
6
Suppose -3*q + 0*t + 70 = -5*t, -q = -4*t - 28. Suppose 4*o = 3*o + q. What is the tens digit of o?
2
Suppose 2*t - 5*j + 11 = 0, 2*j - 3 - 28 = -3*t. Let y = 22 - 20. Suppose -t*i + 9 = -y*i + l, 2*i + 10 = 3*l. What is the units digit of i?
1
Let b be (2/(-3))/(6/(-63)). Suppose 30 = -4*t + b*t. What is the tens digit of t?
1
Let l be (-26 - 1)/(12/(-16)). Let u = -16 + l. What is the tens digit of u?
2
Let i(s) = s**3 + 2*s**2 - 3*s + 3. Let f(g) = g**2 - 5*g. Let z be f(5). Suppose -y - 5 = z, o = -2*o + 4*y + 11. What is the units digit of i(o)?
3
Let p(s) = 5*s**2 - 3. Let x be p(-3). Suppose 0 = -m - m + x. What is the tens digit of m/(-1*(-9)/6)?
1
Let h be (387/27)/((-1)/(-6)). Suppose -3*f = -h - 1. What is the tens digit of f?
2
What is the units digit of (6/(-6) + -3)*-1?
4
Let c = 374 - 245. What is the hundreds digit of c?
1
Let o = -604 + 959. What is the hundreds digit of o?
3
Suppose -3*p + 3*n + 6 = 0, 2*p + 3*n + 2 - 11 = 0. Let y = 6 - p. What is the units digit of (1*-3)/y + 6?
5
Suppose -2*v + 3*b + 8 = 0, v - 4*b = 1 + 3. Let n = 55 + -20. Suppose n = v*a + a. What is the units digit of a?
7
Let v(s) = -3*s - s + 3*s - 2. What is the units digit of v(-7)?
5
Let h be 1/(-1) + -1 - -6. Suppose -4*q + g + 112 = 0, -h*q + 56 = -2*q + g. What is the tens digit of q?
2
Suppose 3*m + m = 16. Suppose -5*x - 8 = -4*h, 0*h = m*x - 4*h + 8. Suppose -j = 4*y - 6, x = 4*y + 5*j - 4 + 6. What is the units digit of y?
2
Let r(x) = -x**3 - 6*x**2 + 7*x + 7. Let b be r(-7). Suppose b*u - 5 = 6*u. What is the units digit of u?
5
Suppose -3 - 9 = -4*l. Suppose -l*o = 15 - 57. What is the tens digit of o?
1
Suppose 10*u - 270 = 5*u. What is the tens digit of u?
5
Let r be 2/(-4) + (-11)/(-2). Suppose 3*i - r*x - 17 = 0, -3*x - 16 = -4*i + 3. Suppose -i*p = -0 - 4. What is the units digit of p?
1
Let u = 17 - -29. Let o be 14/(-49) - (-233)/7. Let w = u - o. What is the units digit of w?
3
What is the tens digit of 0 - (-1)/((-2)/(-36))?
1
Let t be (2*1)/((-10)/(-15)). Suppose -4 = t*h - 5*h. Suppose 5*b + h*u = -3*u + 40, -2*u = b - 10. What is the units digit of b?
6
Let g(o) be the second derivative of o**4/12 - o**3/6 - o**2 - o. What is the units digit of g(-2)?
4
Let u(z) = z**2 - 3*z + 4. Let b(r) = r**2 + 8*r + 9. Let a be b(-6). Let f be u(a). Suppose 2*q - f = -4*n, 27 = 5*n - q - 18. What is the units digit of n?
8
Let p(h) = h**2 + 8*h + 1. Let w be p(-7). Let m = -4 - w. What is the units digit of ((-4)/m)/(-2) + 2?
3
What is the units digit of ((-14)/3)/(11/(-66))?
8
Let o(j) = 4*j**2 - 3*j + 4. What is the units digit of o(-3)?
9
Let h(o) = o**3 - 4*o**2 - 10*o + 20. What is the hundreds digit of h(8)?
1
Suppose 0 = 10*t - 449 - 1231. What is the tens digit of t?
6
What is the tens digit of 52/8*(-2)/(-1)?
1
Let a(v) = -187*v**3 - v**2 + 1. What is the units digit of a(-1)?
7
What is the units digit of 2 - (621 + -1)/(-5)?
6
Suppose -5*x = -16 - 54. What is the units digit of x?
4
Let c(m) = -m**3 + 8*m**2 + 12*m - 9. Suppose 0 = -5*o + r - 18 + 64, -8 = -o - r. What is the tens digit of c(o)?
1
What is the units digit of 46 - (3 - 1) - -1?
5
Let i(z) be the third derivative of 5/3*z**3 + z**2 + 0 + 0*z + 1/24*z**4. What is the units digit of i(-7)?
3
Suppose 0 = -3*z + 3*p + 33, -39 = -2*z - 5*p - 10. What is the tens digit of z?
1
Let o(m) = m. Let d be o(5). Suppose d*k = 3*n - 224, -396 = -2*n - 3*n - 3*k. Suppose n = 5*z + u - 0*u, -5*z + 72 = -u. What is the units digit of z?
5
Let a be ((-16)/(-20))/(2/10). Suppose -2 = -a*m + 4*v + 6, m - 5*v - 6 = 0. What is the units digit of m?
1
Suppose -2*g - 8 = -6*g. Let n = 3 + g. Suppose -2*t + 4*c = 14, n*t + 3*c - 22 = 8. What is the units digit of t?
3
Let b be (24/30)/(3/15). Let k = 32 + -20. Suppose b*i - k = -4. What is the units digit of i?
2
Suppose 0 = v - 2*c - 94, 0*v + 3*v + 4*c = 322. What is the units digit of v?
2
Let b be (-36)/(-10) + (-12)/(-30). Let a = 9 - b. What is the units digit of a?
5
Suppose -2*w = -3*w - 4*s + 145, 2*s = 5*w - 681. What is the tens digit of w?
3
Let n be -4*(-1)/((-3)/(-21)). Suppose z + z + 3*j - 16 = 0, 4*j = -4*z + n. Suppose 0 + z = 5*d. What is the units digit of d?
1
Suppose -7*i + 308 = -3*i. What is the tens digit of i?
7
Suppose 0*h + 3 = -3*h. Let k(o) = -o**3 + 2*o**2 + 4*o. Let z be k(3). Let s = z - h. What is the units digit of s?
4
Let w(h) = h**3. Let o(c) = c**3 + 2*c**2 + 2*c - 2. Let i(b) = -o(b) + 2*w(b). Let g be i(4). What is the units digit of g/(-3)*6/(-4)?
3
Let n(u) = -u**3 - 8*u**2 - 6*u - 15. Let z = -9 - -1. What is the units digit of n(z)?
3
Let c(j) be the first derivative of 2 - 1/3*j**3 + 0*j + 7/2*j**2. What is the units digit of c(5)?
0
Suppose 4 - 8 = -g. Suppose -5*x + i = 4, 0*i - 12 = -g*x - 3*i. Suppose -2*k + 14 = -x*k. What is the units digit of k?
7
Let d = 161 + 64. What is the units digit of d?
5
Suppose 5*d - 3*v - 699 = 0, 0*d + 2*d - 261 = -5*v. What is the units digit of d?
8
Suppose 7*f - 213 = 6*f. What is the units digit of f?
3
Suppose -3*m - 7 = -34. What is the units digit of m?
9
Let g(v) = v**3 + 7*v**2 - 6*v + 2. What is the units digit of g(-7)?
4
Suppose k + 48 = 4*m, -18 = -2*m - 0*m - k. What is the units digit of m?
1
Suppose -10 = -5*f + 15. Suppose f*s - 25 = 4*s + 3*n, 15 = -3*n. Suppose -17 = -3*h + s. What is the units digit of h?
9
Let l = 6 - 2. Let z be 3/l - (-41)/4. Let m = z + -5. What is the units digit of m?
6
Let q be 4/(-6) - 56/(-12). Let o(u) = -u. Let f be o(-3). Suppose i - q*i = -f. What is the units digit of i?
1
Let x be (-5)/2*(4 - 6). Let m(g) = -g + x + 2*g + 0*g. What is the units digit of m(0)?
5
Let l = 82 - 30. What is the units digit of l?
2
Let l = 87 + -12. Suppose -5*g - 5*u = -l, g - 15 = 4*u + 10. Suppose 5*n - g = -2. What is the units digit of n?
3
Suppose -3*n + 2*n - 8 = 0. Let w = n - -11. Suppose -7*a = -w*a - 28. What is the units digit of a?
7
Suppose -4*g - 3 = -23. Suppose 0 = -3*i + 5*w + 46, -g*i - 2*w + 33 + 23 = 0. What is the units digit of i?
2
Suppose -3*m = 3*d - 6*d + 78, -5*m + 104 = 4*d. What is the units digit of d?
6
Suppose 295 = 5*g + 4*t, -2*g + 2*t + 73 = -g. What is the units digit of g?
3
Let t be (-2)/4*(-1 - -1). Suppose 7 = -5*u - 3*j, -u - 2*j = 2*j + 15. Let h = t + u. What is the units digit of h?
1
Let f = 10 + -6. Suppose 0*s = f*s + 3*j - 49, 4*s + 4*j - 52 = 0. What is the units digit of s?
0
Let t(k) = 0*k - k**2 - 16*k**3 - 1 - 3*k + k. Suppose 0 = 4*d + 16, 5*d = 12*n - 9*n - 17. What is the tens digit of t(n)?
1
Let s(b) = b**2 - 1. Let q be s(1). Suppose q*z - 5 = z. Let t = z - -7. What is the units digit of t?
2
Suppose 0 = 4*x - 8, -x = -s - 4*x + 20. Let o = 4 - s. What is the units digit of ((-9)/(-2))/((-5)/o)?
9
Let g(n) be the third derivative of 1/120*n**6 + 0*n + 1/4*n**4 + 0 + 5/6*n**3 + 2/15*n**5 + n**2. What is the units digit of g(-7)?
2
Let n(b) = -31*b**3 - 2*b**2 - 2*b - 1. Let l be n(-1). Suppose l = -2*i + 7*i. Suppose 0 = 4*j - j - i, x + 3*j = 10. What is the units digit of x?
4
Let x(c) = 7*c**2 + c + 1. Let f be x(-1). Let m(b) = b**3 - 7*b**2 + 2*b - 9. What is the units digit of m(f)?
5
Suppose -4*w + 0*w + 27 = 5*n, -3*w + 3*n + 54 = 0. What is the units digit of -1 + 1 + 1 + w?
4
Let w = 52 - 24. Suppose w + 46 = 2*n. What is the units digit of n?
7
Suppose -6*g + 17 = -7. What is the units digit of -7 + g - (-60)/3?
7
Let r(o) = o**2 - 2*o - 3. What is the units digit of r(8)?
5
Let n(t) = 2*t**3 + t**2 + 4*t + 2. Let r(z) = -5*z**3 - 2*z**2 - 9*z - 5. Let l(u) = -7*n(u) - 3*r(u). Let p be l(2). What is the units digit of (p + -4)*7*-1?
7
Suppose 5*a - 3*i = -5, 3*a - 8*a = 5*i - 35. Suppose